= 18 + -31. Suppose 4*b - u - 273 = 0, u - 342 = -5*b + 3*u. Let p = y + b. Calculate the greatest common factor of 22 and p.
11
Let u be -48*((-133)/63 - 2/9). What is the greatest common factor of u and 56?
56
Let m = -7 - -4. Let w(x) = x**3 + 4*x**2 + 4*x + 1. Let n be w(m). Let i = 7 + n. What is the greatest common divisor of 2 and i?
1
Suppose 3*z + m - 265 = -m, -4*z + 384 = -5*m. Suppose -5 + z = 2*h. Calculate the highest common divisor of 215 and h.
43
Suppose -12 = 10*v - 14*v. Let b be 6*18*((-14)/6 + v). What is the greatest common divisor of b and 96?
24
Let c be ((-1757)/(-63) - -6) + 2/18. What is the highest common divisor of c and 51?
17
Let v be ((-12)/5)/(27/(-405)). Suppose 5*y - 4*d + 15 = 110, -y + 28 = d. Let a be 1*y - (-1 - 0). Calculate the greatest common divisor of a and v.
12
Let r be (-10)/(-15)*(0 + 6)*11. What is the greatest common divisor of 33 and r?
11
Let o(c) = -c**3 - 20*c**2 - 19*c + 30. Let x be o(-19). Calculate the greatest common divisor of x and 30.
30
Let l(g) = -10*g + 4. Let t be l(-6). Suppose 4*c = 2*c + t. Let d(o) = 10*o**2 - 12*o + 16. Let j be d(2). Calculate the greatest common factor of j and c.
32
Suppose -5803 = -13*g - 161. Calculate the highest common divisor of g and 62.
62
Let s(x) = -x + 22. Let y be s(-10). Let h = y + -2. Calculate the highest common factor of h and 6.
6
Let d(u) = 3*u - 17. Let z be (0 - 1 - 0) + 3. Suppose 14 = z*b - 0*b. Let t be d(b). What is the highest common divisor of 10 and t?
2
Let j = 6 - -3. Let n = 66 + -21. Let b = 48 - n. What is the highest common divisor of b and j?
3
Suppose -o - d = -2*d + 2, 10 = 3*o + d. Let i be o/3 + 356/6. Let g = 86 + -46. What is the highest common divisor of g and i?
20
Let o be ((-6)/(-15))/((-3)/75). Let l be ((-112)/35)/((-2)/o). Let d = l + 25. Calculate the highest common divisor of 9 and d.
9
Let u = 397 - 142. Calculate the highest common divisor of u and 15.
15
Let q(v) = v + 57. Let k be q(-18). Let o be 5082/78 + (-6)/k. Calculate the greatest common divisor of 26 and o.
13
Let z(n) = 13*n**2 + 3*n + 4. Let m be (-20)/(-50) - (-42)/(-5). Let r = -10 - m. Let k be z(r). What is the highest common divisor of k and 10?
10
Let v = 135 + -50. What is the highest common factor of v and 5?
5
Let t be 2/(-2) + (-4)/(-1). Let j = 9 - t. Suppose -j*f + 12 = -5*f. What is the highest common factor of f and 8?
4
Suppose 41*a + 20 - 266 = 0. Calculate the highest common divisor of 258 and a.
6
Let l = -19 - -54. Let d(i) = -i**2 + 7*i + 8. Let c(a) = a**2 + 3*a - 12. Let g be c(-6). Let y be d(g). Calculate the highest common factor of l and y.
7
Let c(z) = 12*z - 46. Let v be c(-17). Let r = v - -360. Let j = -1 - -11. What is the highest common divisor of j and r?
10
Suppose 14*z - 432 = 2410. Let p = -304 - -432. Let x = z - p. Calculate the highest common factor of x and 25.
25
Suppose -2*m - 1 + 5 = 0. Let r be m*6*(-3)/(-9). Suppose -2*c - 4*i = -0*c - 100, r*c = 3*i + 145. Calculate the greatest common divisor of c and 8.
8
Suppose 0 = 1749*b - 1752*b + 1470. Calculate the greatest common factor of 10 and b.
10
Suppose 0 = -42*w + 37*w + 15. What is the greatest common factor of 147 and w?
3
Suppose 4*t - 2*t = -g + 46, -2*g - t + 98 = 0. Let l be -53*5/(-25) - 6/10. What is the greatest common factor of l and g?
10
Suppose -5*y + 5140 = 124*a - 122*a, 4*a - 10328 = 2*y. What is the highest common factor of a and 60?
60
Let d(h) = -17*h - 194. Let x be d(-13). Calculate the greatest common factor of 324 and x.
27
Suppose 0 = -5*w - 5*w + 100. What is the highest common divisor of w and 2?
2
Suppose 26*u = 17*u + 189. Calculate the highest common factor of 98 and u.
7
Let s = 1331 + 7669. Suppose 5*z = 5*i + s, 181 = -4*z - 3*i + 7360. Let u be z/12 + 2/8. Calculate the highest common factor of 60 and u.
30
Suppose 720 = 3*o + 447. Calculate the highest common divisor of o and 221.
13
Suppose -3*s = 3*t + 9, 0 = -4*t - t - 2*s - 15. Let o be (-1)/t - 82/(-6). What is the highest common factor of o and 98?
14
Suppose -s = 5*b - 0*s - 683, 5*s + 665 = 5*b. Let p(z) = -3*z**3 - 6*z**2 - 9*z - 1. Let a be p(-2). Calculate the greatest common divisor of a and b.
17
Let d = 29 + -17. Suppose 0 = -2*i + d - 2. Calculate the highest common divisor of 5 and i.
5
Suppose 3*x - 2 = 4*k + 47, k + 64 = 3*x. Suppose -2*m + x - 5 = 0. Let u be (2 - -1)*60/2. Calculate the highest common divisor of u and m.
9
Let j = -98 + 93. Let c(a) = -a**2 - 18*a - 29. Let k be c(j). Calculate the greatest common factor of 4 and k.
4
Let s(f) = 4*f + 4. Let o be s(5). Suppose -2*k = k - 15. Suppose -12 = -4*p + 4*u, p = k*p + 2*u - 30. What is the greatest common factor of p and o?
6
Suppose -x - 4*b + 40 = 0, b - 10 = -2*x + 63. What is the highest common factor of 204 and x?
12
Suppose 0 = 4*m - 7*p + 2*p - 2229, 4*m = -2*p + 2250. Let a = m + -323. Suppose 0 = 20*k - 25*k + 170. Calculate the greatest common factor of k and a.
34
Suppose 0*r + 6 = -3*r, 0 = 4*t + 3*r - 30. Let n = 654 - 653. What is the greatest common divisor of n and t?
1
Let u = 2817 + -2150. What is the greatest common factor of 29 and u?
29
Let t(g) = g**2 - g - 3. Let m be t(-2). Suppose -159 = -2*b + m*i, b - 67 = -i + 20. Calculate the highest common factor of 12 and b.
12
Let l be 10/(((-4)/(-6))/((-8)/24)). Let q be 13 + 0 + (60/l)/(-4). What is the greatest common divisor of 4 and q?
4
Suppose 8*k - 3*k = 3*y + 74, -4*k = -16. Let i = y + 20. Suppose -12 = i*o - 4*o. What is the highest common factor of 48 and o?
6
Let y be -3 - 1*(4 - 2). Let f = 12 + y. What is the highest common divisor of 77 and f?
7
Let g be (-2)/(-3) - 0 - 152/(-24). Let h(p) = -p**3 + 6*p**2 + 14*p + 8. Let y be h(g). Calculate the highest common divisor of 19 and y.
19
Suppose 5*x - 64 = -4*l, 0 = -3*l - 5*x + 25 + 28. Calculate the highest common factor of 11 and l.
11
Let z(x) = x**3 - 13*x**2 + x - 7. Suppose -31 = -2*f - 3. Let o = 27 - f. Let l be z(o). What is the highest common factor of l and 24?
6
Let s(a) = -32*a**3 - a**2 - 7. Let v be s(3). Let x be v/(-14) - 1/(-7). What is the highest common divisor of 21 and x?
21
Let b be 1 - ((1 - 3) + 1). Let r be (-7)/b*-5*(-4)/(-10). What is the greatest common divisor of r and 49?
7
Let h be (-2 + -62)*(-208)/64. Suppose l + 2*l = 48. Calculate the greatest common factor of h and l.
16
Suppose 4*b = -4*o + 156, -4*o + 144 = 3*b - 9. What is the highest common divisor of 24 and o?
12
Let y(i) = 181*i - 1. Let h be y(2). Suppose 15*o = 74*o - 33630. Let s = o - h. What is the greatest common factor of 19 and s?
19
Let i(j) = -4*j + 0*j - 2*j**2 + 8 + 3*j + 4*j**2. Let x be i(8). Let r = 7 - -9. What is the greatest common factor of x and r?
16
Let w be (-1 - (-13)/4)*52. Let b(z) = -z**2 + 12*z + 9. Let l be b(14). Let t be ((3 - (-3 - l))*-2)/2. What is the highest common factor of w and t?
13
Let s = 12 - 8. Let z(r) = r**2 + 16*r + 10. Let j be -2*(9 + -4 + 3). Let l be z(j). What is the highest common factor of s and l?
2
Suppose 0 = -0*d + 2*d - 16. Suppose d = -0*f + f. Suppose 3*c = -c + 160. Calculate the highest common factor of f and c.
8
Let b be (12/(0 + 4))/((-2)/(-14)). Suppose -3*u = -4*j + 71, 4*j + 4*u = -u + 31. What is the greatest common factor of b and j?
7
Let f(a) = a**2 + 7*a - 2. Let l be f(-7). Let j = 0 - l. Calculate the greatest common factor of j and 6.
2
Let p(s) = 8*s. Let l be p(-2). Let d = 4 + l. Let m be (-35)/(-20) - 3/d. What is the greatest common divisor of m and 10?
2
Let i be (-820)/(-22) - (-30)/(-110). What is the greatest common factor of 333 and i?
37
Let n = -6 - -11. Suppose 2*k - n*k = 3*l - 6, -4*k + 18 = -l. Let g be 3 - (8*-1)/k. Calculate the greatest common factor of 25 and g.
5
Suppose -195 - 650 = -13*w. Calculate the highest common factor of 455 and w.
65
Let u be 3 + (-8905)/(-25) - (-28)/35. Calculate the greatest common factor of u and 72.
72
Let q = -17 + 19. Suppose 88 = 3*p + q*g + 2*g, -2*p - 2*g = -62. Let x be ((-42)/(-9))/(8/p). What is the highest common factor of 3 and x?
3
Let d(r) = r**3 - 2*r**2 + 9*r - 9. Let c be d(6). Let i = c + -119. Calculate the greatest common factor of i and 10.
10
Let p be (-300)/(-1650) + 10294/11. Calculate the greatest common facto